)?
-65
Evaluate -47 - 12 - ((32 - -26) + -37).
-80
What is the value of 1186 - 1145 - (0 + 9)?
32
Evaluate 6 - 19 - -55 - ((-12 - -20) + -9).
43
Evaluate -4 + -104 - ((-551 - -568) + 0 + -3 + 0).
-122
What is the value of 3 + 66 + -56 + 27?
40
Calculate 8 - -16 - (4 - (-56 + (4 - -8))).
-24
What is the value of -13 + (-15 - -44) + (-17 - (-1 - 4))?
4
What is -1 + -2 + (27 + (16 - 25) - -32)?
47
-5 + 3 + 1 + (76 + (6 - -2) - 17)
66
(-41 - -28 - (-2 + (49 - -1))) + -11
-72
What is 17132 + -17111 + (4 - 2) + -85?
-62
Evaluate 248 + -253 - (-3 + -60).
58
Evaluate -56 + -7 + -15 + 35 - -5.
-38
What is (319 - 256) + (0 + -4 + 4 - 19)?
44
What is (-30 - -20 - (1 - 61) - 14) + -9?
27
What is the value of (-88 - -4) + 43 + -3 + -40 + (-1 - -7)?
-78
Evaluate 48 + -16 + (-44 - -1).
-11
Calculate (44 - 70) + 4 + 37.
15
What is the value of -42 + 67 + (-31 - -12 - -44)?
50
-117 + (18 - -82) + 108
91
Calculate (-3 - -26) + 79 + -2 + -7 - (1 + -7).
99
What is the value of 2 + (-43 - 0) + -1 + 7 + -16 + 2?
-49
What is 13 + -9 + -29 - (-652 - -648)?
-21
What is the value of -98 + -1 - (691 + -722)?
-68
Calculate 2 + 0 - 38 - (-8 - (-39 + 26 - 2)).
-43
Evaluate 23 - (-7 + (17 - -19)).
-6
Calculate 39 + (-7 + -30 - (5 - 24)).
21
What is 184 + -38 + (-96 - 91)?
-41
What is -42 - (-48 - -14) - (-56 + (-2 - 1))?
51
Calculate -91 + 35 + 20 - -44.
8
Calculate 7 + (-9 - (8 + -21)) - (135 + 4).
-128
Calculate -6861 + 6774 - (-46 - 1).
-40
Evaluate (16 - 78) + -11 + 8 + 13 + -5.
-57
What is -64 - (16 + -26 + 21 - (5 - (1 - 2)))?
-69
Evaluate -110 - (26 + -17) - (-60 - -32).
-91
Evaluate -74 + 39 - -29 - (-62 - -1) - 7.
48
-1 - 1 - -5 - (-49 - (82 - 121))
13
What is the value of -10 - (-37 - 2 - (-108 + 61 + 45))?
27
Evaluate 71 - (-149 - (135 + -406)).
-51
Calculate 4 + 6 + (39 + -80 - 12).
-43
What is the value of -105 + (-72 - -5 - -191)?
19
Calculate -20 + 2 - (157 - 96 - 76).
-3
Evaluate -53 + 46 + -33 + 15.
-25
Calculate 31 - -1 - ((19 - 1) + 17 + (-34 - -5)).
26
-7 + -118 - (438 + -492)
-71
What is the value of 18 - (-68 + 58 + (99 - 1)) - -2?
-68
What is (-52 - (20 - 0)) + (-2 - -5 - 11) + -5?
-85
Calculate -1419 - -1372 - (-21 - 1).
-25
What is (46 + 0 - (-2678 + 2730)) + -1 + -52?
-59
Evaluate 44 - (-6 + -10 + 1) - (17 + -4 - 0).
46
Calculate 7 + 5 + (19 - -1 - (-12 + 43 + -20)).
21
What is the value of 36 + 17 + -66 - -71?
58
Evaluate -84 + 8 - -12 - (-25 + (18 - -22)).
-79
Evaluate -11 - (83 + (59 + 15 - 39)).
-129
What is -1 + 3 - (-177 + 236)?
-57
What is the value of -78 - (-49 - -30) - -75?
16
What is 1 - (-1 + 43) - (-33809 + 33813)?
-45
Evaluate -15 + (37 - 14) - (-32 - (1 + 2 + 2)).
45
What is the value of -7 - (11 + -13 - -2 - -21) - -6?
-22
Evaluate 111 + -92 + (-1 - (15 - -23)).
-20
What is the value of (-72 - 2) + 55 + -12?
-31
Calculate 7 - 16 - (-91 - -125).
-43
What is 4 - (4 + -55) - (2 + -3 + (108 - 98))?
46
Calculate -86 - (-70 - (18 + -42)).
-40
(14 - (14 - 18)) + (-54 - -32)
-4
Calculate 31 + -34 + 46 + -122 + 17.
-62
Calculate (18 - (8 - -8)) + 2 - (0 + 2 + -4).
6
What is 3 - (8 - (-47 + 55 - (15 + -1))) - 41?
-52
Calculate -21 - (45 - 82) - 27.
-11
(-43 - -65) + 16 + -59
-21
Evaluate -126 + (-135 - -508) + -140.
107
Calculate -8 + -8 + (12 + -18 - -4).
-18
What is 36 + -2 + -5 + 20 - 39?
10
Calculate (-1 - -2) + (-17 - -1 - (292 - 294)) - -64.
51
What is the value of (3 + 8 + -29 - -18) + 18 - -27?
45
Evaluate -78 - (-1 + 8 + (1933 - 1949)).
-69
What is 66 - (-16 - -76) - (15 + (-3 - (2 - 2)))?
-6
Calculate 3281 - 3270 - (-1 + -55).
67
What is 4496 + -4463 + (4 - (131 + -1))?
-93
What is the value of 18 - (-21 + 23 + 12)?
4
What is 8 + -38 - (-3 + 2) - (-4 + (-13 - -15))?
-27
What is the value of -28 + 35 + -62 + 52?
-3
Calculate 114 - (3 + 27 + (37 + -10 - 39)).
96
-135 - (-147 + 116 + -83)
-21
What is -9 + -1 + -1 + (84 - 30) + -9?
34
Evaluate 345 - 358 - (13 - 18).
-8
What is the value of -212 - -297 - (-1 + -1 + (8 - -3))?
76
(-36 - (-20 + -17)) + (6 - -14) - -81
102
-10 + 33 + 27 + -8 + -2
40
Calculate 83 + -109 - (7 + (7 - 10) + 7 - 6).
-31
-14 - 1 - -39 - 12
12
What is (-73 - 1) + (-14 + (1 - 3) - (-419 - -402))?
-73
Calculate -21 + -1 - (456 - 477) - (-2 - (-1 - 71)).
-71
Evaluate -48 + 4 - (-128 - -73) - -11.
22
Calculate -18 - -60 - (11 + 12).
19
What is -24 + (25 - -20 - -36)?
57
Calculate 166 - 194 - (-12 - 7 - -7).
-16
What is the value of -6 - (-46 + (2 - (0 - -1)) + (-405 - -394))?
50
Calculate (67 - 17) + 1 - (-3 + 10).
44
(-11 - -11) + 3 + -60 - (0 + (-9 - -8))
-56
Calculate (16 + -4 - (-1 + (19 - 7))) + 4 + 8.
13
Evaluate (-7 + (24 - (-7 + 14)) - 13) + -5.
-8
What is (-20 - (-9 - -9)) + (31 - -3) + -116?
-102
((-1 - -1) + 22 - (80 - 70)) + -50
-38
What is (-105 - 179) + 283 - ((-1 - 1 - -2) + -43)?
42
Evaluate 110 + 143 + -130 - 136.
-13
Evaluate 6 - (-46 + (31 - -49)).
-28
What is -51 + -1 + -7 + (40 + -45 - (-2 + -2))?
-60
Evaluate 77 + 71 - 42 - 49.
57
What is -5 - (25 + 7 + 0 - ((3 - 6) + 3))?
-37
What is the value of 32 - ((152 - 104) + 5)?
-21
What is the value of -8 - (18 + (26 - 19) + -16 + (-105 - 0))?
88
What is the value of 61 - (9 - 2) - (39 - 23)?
38
1 + -7 + (40 - 26) - (-128 + 24)
112
Calculate 14 - (-1 + 22) - -27 - -16.
36
Calculate 83 - 2 - (11682 - 11613).
12
(-91 - -122) + (-10 - 1) - 31
-11
Evaluate -38 + 63 + 5 - 74.
-44
Calculate -342 - -354 - (1 + (3 - 6)) - -19.
33
What is 127 + -49 - (-18 + 2) - -4?
98
What is 17 + -51 + (-188 - -201)?
-21
What is the value of (-1082 - -1080) + (1 - 1) + (-1 - (-12 + 2))?
7
Calculate 13 - (12 + (-30 - -3) + 17).
11
Calculate 109 - (101 + (-120 - -103)).
25
What is 12 + -174 - (4 - 1 - 8 - (-31 + 37))?
-151
Evaluate -10 + (-24 + 8 - -10 - (-5 + -86)).
75
Evaluate (18 - (3 + 4)) + (12 + -15 - -21).
29
Evaluate 21 + -2 + 0 + -366 + 360 + -60 + -31.
-78
What is (1 - 37) + 1 - (-13789 - -13712)?
42
Evaluate 38 - (15 - 8 - 0 - (4 - -8)) - 6.
37
Evaluate (62 - (24 - 12) - (11 + -1 + -2)) + -3.
39
Calculate 3 - 17 - -50 - (262 - 199).
-27
What is the value of 13 + -7 + (32 - -4)?
42
What is the value of 24 + (-21 + -6 + 14 - -23)?
34
-69 + (-1 - (-54 - -22)) + -33
-71
What is the value of -301 + 321 + (8 - (1 - -10)) + 87?
104
What is the value of (-14 + 1 - 10) + (-11 - 5)?
-39
What is (-5 - 3) + 1 - (952 + -994)?
35
What is the value of -2 + -4 - (104 + -132 - (-3 + -1))?
18
What is the value of -239 + 44 + 45 - -86?
-64
What is 0 + -18 - (-165 + 74 + 55) - -42?
60
What is the value of 0 - -9 - (-43 + (-79 - (-71 + 30)))?
90
Evaluate -53 - (-18 + 78 + -34 + 8).
-87
Calculate 85 + -28 + (-91 - -76).
42
What is the value of -8 + -4 + -5 + (41 - -86) + 37?
147
Calculate -9 + (4 - -1) - ((7 - -8) + 39).
-58
Evaluate (16 + -79 - -85) + -50 + -2.
-30
Calculate 6 - (-7 + 10) - (5 + 10 - 35).
23
What is -5 + (-15 + 2 - (59 + -81))?
4
-5 + 22 + -28 + (-11 - 21 - (4 + 2))
-49
What is the value of (-2 + -10 - -6 - -4) + (-8 - 69) + -33?
-112
What is the value of (-135 - -92) + (8 - -4)?
-31
What is the value of 48 - (0 + -51 - -9)?
90
Evaluate (12 - 23) + 20 + -9 + -4.
-4
What is the value of -85 + -5 + (-3 - -12 - (-67 - -64))?
-78
What is -41 + 23 - ((-3 - -45) + 26)?
-86
Evaluate -55 - ((-22 - (-8 + 4)) + (-158 - -156)).
-35
24 - (4 - -14 - (2 - -19))
27
Evaluate 36 - (-1 + (-52 - -38) - (-1 - -1)).
51
15 + -10 + -7 + 15 + 22
35
Calculate ((-10 - 0 - 4) + 17 - -7) + -20 + 1.
-9
What is -1 + (25 - 32 - -52) + (2 + -3 - 8)?
35
Evaluate (-85 + 118 - (7 - -3)) + -123 + -14.
-114
What is (1 - 1 - ((-19 - (-5 + 2)) + 16)) + -41?
-41
Evaluate -3 - ((2 - 0) + 6 + -239 + 248).
-20
What is ((18 - 6) + -19 - (-62 + 0)) + 7 + -9?
53
Calculate 706 - 457 - (186 - 26).
89
What is -84 + 136 + -182 - -147?
17
Evaluate 84 + (-125 - (41 - 82)).
0
Calculate 7 - (50 + -12 - (2 - 22)).
-51
Evaluate -9 + (-13 - (3 + 3 + 7)).
-35
Calculate 1 - ((-16 - -6 - -41) + 6) - (-10 - -7).
-33
Calculate 152 - (256 - 123) - (0 - 0 - -97).
-78
What is the value of -104 + 30 - -48 - 4?
-30
39 + (-19 - (-27 - -209)) + -4 + 13 + -1
-154
Calculate 7 + -28 - (-6 + -7) - ((4 - 3) + -75).
66
9 - 41 - (-29 + (-61 - 11))
69
What is -51 + 91 - (4 - (-13 + 10))?
33
What is the value of 90 + -88 + 1 + 1 + 30?
34
-52 - (-14 - -24 - (6 + 20 + 4))
-32
What is the value of -25 + (-64 - (-27 - 35))?
-27
What is (-12 - -29)